{"id":1475,"date":"2024-10-14T09:16:57","date_gmt":"2024-10-14T07:16:57","guid":{"rendered":"https:\/\/meble-rzemieslnicze.pl\/?page_id=1475"},"modified":"2024-10-21T10:20:22","modified_gmt":"2024-10-21T08:20:22","slug":"p1","status":"publish","type":"page","link":"https:\/\/meble-rzemieslnicze.pl\/index.php\/p1\/","title":{"rendered":"p1"},"content":{"rendered":"\t\t<div data-elementor-type=\"wp-page\" data-elementor-id=\"1475\" class=\"elementor elementor-1475\" data-elementor-settings=\"{&quot;ha_cmc_init_switcher&quot;:&quot;no&quot;}\" data-elementor-post-type=\"page\">\n\t\t\t\t<div class=\"elementor-element elementor-element-3e47255 e-con-full e-flex e-con e-parent\" data-id=\"3e47255\" data-element_type=\"container\" data-e-type=\"container\" data-settings=\"{&quot;background_background&quot;:&quot;classic&quot;,&quot;_ha_eqh_enable&quot;:false}\">\n\t\t<div class=\"elementor-element elementor-element-e3bccf4 e-con-full e-flex e-con e-child\" data-id=\"e3bccf4\" data-element_type=\"container\" data-e-type=\"container\" data-settings=\"{&quot;background_background&quot;:&quot;classic&quot;,&quot;_ha_eqh_enable&quot;:false}\">\n\t\t\t\t<div class=\"elementor-element elementor-element-97cb6c9 elementor-widget elementor-widget-heading\" data-id=\"97cb6c9\" data-element_type=\"widget\" data-e-type=\"widget\" data-widget_type=\"heading.default\">\n\t\t\t\t<div class=\"elementor-widget-container\">\n\t\t\t\t\t<h2 class=\"elementor-heading-title elementor-size-default\">Z pasj\u0105 o meblach<\/h2>\t\t\t\t<\/div>\n\t\t\t\t<\/div>\n\t\t\t\t<\/div>\n\t\t\t\t<\/div>\n\t\t<div class=\"elementor-element elementor-element-3d9a5e0 e-flex e-con-boxed e-con e-parent\" data-id=\"3d9a5e0\" data-element_type=\"container\" data-e-type=\"container\" data-settings=\"{&quot;_ha_eqh_enable&quot;:false}\">\n\t\t\t\t\t<div class=\"e-con-inner\">\n\t\t<div class=\"elementor-element elementor-element-60949f0 e-con-full e-flex e-con e-child\" data-id=\"60949f0\" data-element_type=\"container\" data-e-type=\"container\" data-settings=\"{&quot;background_background&quot;:&quot;classic&quot;,&quot;_ha_eqh_enable&quot;:false}\">\n\t\t<div class=\"elementor-element elementor-element-97eed3d e-con-full e-flex e-con e-child\" data-id=\"97eed3d\" data-element_type=\"container\" data-e-type=\"container\" data-settings=\"{&quot;background_background&quot;:&quot;classic&quot;,&quot;_ha_eqh_enable&quot;:false}\">\n\t\t\t\t<div class=\"elementor-element elementor-element-343ecb3 elementor-widget elementor-widget-heading\" data-id=\"343ecb3\" data-element_type=\"widget\" data-e-type=\"widget\" data-widget_type=\"heading.default\">\n\t\t\t\t<div class=\"elementor-widget-container\">\n\t\t\t\t\t<h2 class=\"elementor-heading-title elementor-size-default\">Meble na wymiar czy meble z sieci\u00f3wki ?<\/h2>\t\t\t\t<\/div>\n\t\t\t\t<\/div>\n\t\t\t\t<\/div>\n\t\t\t\t<\/div>\n\t\t\t\t\t<\/div>\n\t\t\t\t<\/div>\n\t\t<div class=\"elementor-element elementor-element-ef69e51 e-flex e-con-boxed e-con e-parent\" data-id=\"ef69e51\" data-element_type=\"container\" data-e-type=\"container\" data-settings=\"{&quot;_ha_eqh_enable&quot;:false}\">\n\t\t\t\t\t<div class=\"e-con-inner\">\n\t\t<div class=\"elementor-element elementor-element-04d418d e-con-full e-flex e-con e-child\" data-id=\"04d418d\" data-element_type=\"container\" data-e-type=\"container\" data-settings=\"{&quot;_ha_eqh_enable&quot;:false}\">\n\t\t\t\t<div class=\"elementor-element elementor-element-906e93d elementor-widget elementor-widget-text-editor\" data-id=\"906e93d\" data-element_type=\"widget\" data-e-type=\"widget\" data-widget_type=\"text-editor.default\">\n\t\t\t\t<div class=\"elementor-widget-container\">\n\t\t\t\t\t\t\t\t\t<p>Meble na wymiar w ostatnich latach zyska\u0142y du\u017c\u0105 popularno\u015b\u0107, staj\u0105c si\u0119 alternatyw\u0105 dla gotowych produkt\u00f3w dost\u0119pnych w sklepach sieciowych. Zar\u00f3wno jedne, jak i drugie maj\u0105 swoje wady i zalety, ale coraz wi\u0119cej os\u00f3b decyduje si\u0119 na inwestycj\u0119 w meble na zam\u00f3wienie. Dlaczego? Analizuj\u0105c r\u00f3\u017cnice mi\u0119dzy tymi dwoma rozwi\u0105zaniami, mo\u017cemy zrozumie\u0107, dlaczego meble na wymiar staj\u0105 si\u0119 coraz bardziej preferowanym wyborem.<\/p><p>Na pierwszy plan wysuwa si\u0119 kwestia personalizacji. Meble na zam\u00f3wienie pozwalaj\u0105 w pe\u0142ni dostosowa\u0107 produkt do indywidualnych potrzeb. Masz mo\u017cliwo\u015b\u0107 wyboru materia\u0142\u00f3w, kolor\u00f3w, rozmiar\u00f3w, a tak\u017ce uk\u0142adu, co oznacza, \u017ce mo\u017cesz stworzy\u0107 przestrze\u0144 idealnie dopasowan\u0105 do Twojego stylu \u017cycia i gustu. Dzi\u0119ki temu meble na wymiar nie tylko spe\u0142niaj\u0105 konkretne funkcje, ale staj\u0105 si\u0119 r\u00f3wnie\u017c integralnym elementem aran\u017cacji wn\u0119trza, odzwierciedlaj\u0105cym osobowo\u015b\u0107 domownik\u00f3w. W przypadku gotowych mebli dost\u0119pnych w sieciowych sklepach, wyb\u00f3r jest ograniczony do modeli oferowanych przez producenta. Cho\u0107 jest to szybkie i \u0142atwe rozwi\u0105zanie, rzadko umo\u017cliwia pe\u0142ne dopasowanie mebli do specyficznych wymaga\u0144 przestrzeni. Cz\u0119sto gotowe meble nie pasuj\u0105 idealnie do wymiar\u00f3w pomieszcze\u0144, co mo\u017ce prowadzi\u0107 do nieestetycznych luk lub wymusza\u0107 kompromisy w uk\u0142adzie wn\u0119trza.<\/p>\t\t\t\t\t\t\t\t<\/div>\n\t\t\t\t<\/div>\n\t\t\t\t<\/div>\n\t\t<div class=\"elementor-element elementor-element-8e47742 e-con-full e-flex e-con e-child\" data-id=\"8e47742\" data-element_type=\"container\" data-e-type=\"container\" data-settings=\"{&quot;_ha_eqh_enable&quot;:false}\">\n\t\t<div class=\"elementor-element elementor-element-762f688 e-con-full e-flex e-con e-child\" data-id=\"762f688\" data-element_type=\"container\" data-e-type=\"container\" data-settings=\"{&quot;background_background&quot;:&quot;classic&quot;,&quot;_ha_eqh_enable&quot;:false}\">\n\t\t\t\t<\/div>\n\t\t<div class=\"elementor-element elementor-element-1b6e990 e-con-full e-flex e-con e-child\" data-id=\"1b6e990\" data-element_type=\"container\" data-e-type=\"container\" data-settings=\"{&quot;_ha_eqh_enable&quot;:false}\">\n\t\t\t\t<div class=\"elementor-element elementor-element-429ecd8 elementor-widget elementor-widget-text-editor\" data-id=\"429ecd8\" data-element_type=\"widget\" data-e-type=\"widget\" data-widget_type=\"text-editor.default\">\n\t\t\t\t<div class=\"elementor-widget-container\">\n\t\t\t\t\t\t\t\t\t<p>Kolejnym aspektem przemawiaj\u0105cym za meblami na wymiar jest jako\u015b\u0107 wykonania. W przypadku mebli tworzonych na zam\u00f3wienie, masz pe\u0142n\u0105 kontrol\u0119 nad wyborem materia\u0142\u00f3w. Mo\u017cesz postawi\u0107 na solidne, trwa\u0142e surowce, kt\u00f3re gwarantuj\u0105 d\u0142ugowieczno\u015b\u0107 i odporno\u015b\u0107 na uszkodzenia. Stolarze czy projektanci mebli na wymiar dbaj\u0105 o detale, a ka\u017cdy element jest starannie dopasowany i montowany. W gotowych meblach, produkowanych na masow\u0105 skal\u0119, cz\u0119sto wykorzystywane s\u0105 ta\u0144sze materia\u0142y, co mo\u017ce wp\u0142ywa\u0107 na ich trwa\u0142o\u015b\u0107. Chocia\u017c wiele sklep\u00f3w sieciowych oferuje produkty w r\u00f3\u017cnych przedzia\u0142ach cenowych, to jednak cz\u0119sto ni\u017csza cena idzie w parze z ni\u017csz\u0105 jako\u015bci\u0105.<\/p>\t\t\t\t\t\t\t\t<\/div>\n\t\t\t\t<\/div>\n\t\t\t\t<\/div>\n\t\t\t\t<\/div>\n\t\t<div class=\"elementor-element elementor-element-63bf475 e-con-full e-flex e-con e-child\" data-id=\"63bf475\" data-element_type=\"container\" data-e-type=\"container\" data-settings=\"{&quot;_ha_eqh_enable&quot;:false}\">\n\t\t\t\t<div class=\"elementor-element elementor-element-3ecf588 elementor-widget elementor-widget-text-editor\" data-id=\"3ecf588\" data-element_type=\"widget\" data-e-type=\"widget\" data-widget_type=\"text-editor.default\">\n\t\t\t\t<div class=\"elementor-widget-container\">\n\t\t\t\t\t\t\t\t\t<p>Jednym z g\u0142\u00f3wnych argument\u00f3w na korzy\u015b\u0107 gotowych mebli jest cena. Meble z sieci\u00f3wek s\u0105 zazwyczaj ta\u0144sze i dost\u0119pne &#8222;od r\u0119ki&#8221;, co czyni je atrakcyjnym wyborem dla os\u00f3b, kt\u00f3re nie maj\u0105 zbyt du\u017cego bud\u017cetu lub potrzebuj\u0105 szybkiego wyposa\u017cenia mieszkania. Dla wielu os\u00f3b kr\u00f3tki czas oczekiwania oraz mo\u017cliwo\u015b\u0107 natychmiastowego zakupu stanowi\u0105 istotn\u0105 zalet\u0119. W przypadku mebli na zam\u00f3wienie, proces produkcji trwa d\u0142u\u017cej, a cena jest wy\u017csza, co dla niekt\u00f3rych mo\u017ce by\u0107 czynnikiem zniech\u0119caj\u0105cym. Jednak nale\u017cy pami\u0119ta\u0107, \u017ce meble na wymiar s\u0105 d\u0142ugoterminow\u0105 inwestycj\u0105, kt\u00f3ra mo\u017ce zwr\u00f3ci\u0107 si\u0119 w postaci wy\u017cszej jako\u015bci, unikalno\u015bci i pe\u0142nej funkcjonalno\u015bci.<\/p><p>Innym argumentem przemawiaj\u0105cym za gotowymi meblami jest ich uniwersalno\u015b\u0107. Sieciowe sklepy meblowe oferuj\u0105 szeroki wyb\u00f3r gotowych zestaw\u00f3w, co pozwala na szybkie urz\u0105dzenie wn\u0119trza bez konieczno\u015bci anga\u017cowania projektanta. Gotowe meble sprawdz\u0105 si\u0119 w sytuacjach, gdy nie zale\u017cy nam na pe\u0142nej personalizacji, a chcemy po prostu funkcjonalnego i estetycznego wyposa\u017cenia. Niemniej jednak, gotowe produkty nie zawsze spe\u0142niaj\u0105 oczekiwania zwi\u0105zane z ergonomi\u0105 czy optymalnym wykorzystaniem przestrzeni, zw\u0142aszcza w ma\u0142ych mieszkaniach, gdzie ka\u017cdy centymetr ma znaczenie.<\/p>\t\t\t\t\t\t\t\t<\/div>\n\t\t\t\t<\/div>\n\t\t\t\t<\/div>\n\t\t<div class=\"elementor-element elementor-element-aa0edcc e-con-full e-flex e-con e-child\" data-id=\"aa0edcc\" data-element_type=\"container\" data-e-type=\"container\" data-settings=\"{&quot;_ha_eqh_enable&quot;:false}\">\n\t\t<div class=\"elementor-element elementor-element-2a79ca6 e-con-full e-flex e-con e-child\" data-id=\"2a79ca6\" data-element_type=\"container\" data-e-type=\"container\" data-settings=\"{&quot;_ha_eqh_enable&quot;:false}\">\n\t\t\t\t<div class=\"elementor-element elementor-element-36b4dd1 elementor-widget elementor-widget-text-editor\" data-id=\"36b4dd1\" data-element_type=\"widget\" data-e-type=\"widget\" data-widget_type=\"text-editor.default\">\n\t\t\t\t<div class=\"elementor-widget-container\">\n\t\t\t\t\t\t\t\t\t<p>Decyduj\u0105c si\u0119 na meble na wymiar, zyskujesz r\u00f3wnie\u017c elastyczno\u015b\u0107 w kwestii rozwi\u0105za\u0144 technicznych. Mo\u017cliwo\u015b\u0107 integracji r\u00f3\u017cnych system\u00f3w organizacji, nietypowych uk\u0142ad\u00f3w czy zastosowania niestandardowych element\u00f3w konstrukcyjnych to atuty, kt\u00f3re nie zawsze s\u0105 dost\u0119pne w gotowych meblach. Chocia\u017c gotowe produkty r\u00f3wnie\u017c oferuj\u0105 nowoczesne rozwi\u0105zania, cz\u0119sto s\u0105 one ograniczone do wybranych modeli, co mo\u017ce ogranicza\u0107 wyb\u00f3r.<\/p>\t\t\t\t\t\t\t\t<\/div>\n\t\t\t\t<\/div>\n\t\t\t\t<\/div>\n\t\t<div class=\"elementor-element elementor-element-5440b1b e-con-full e-flex e-con e-child\" data-id=\"5440b1b\" data-element_type=\"container\" data-e-type=\"container\" data-settings=\"{&quot;background_background&quot;:&quot;classic&quot;,&quot;_ha_eqh_enable&quot;:false}\">\n\t\t\t\t<\/div>\n\t\t\t\t<\/div>\n\t\t<div class=\"elementor-element elementor-element-ba27f30 e-con-full e-flex e-con e-child\" data-id=\"ba27f30\" data-element_type=\"container\" data-e-type=\"container\" data-settings=\"{&quot;_ha_eqh_enable&quot;:false}\">\n\t\t\t\t<div class=\"elementor-element elementor-element-c131fd7 elementor-widget elementor-widget-text-editor\" data-id=\"c131fd7\" data-element_type=\"widget\" data-e-type=\"widget\" data-widget_type=\"text-editor.default\">\n\t\t\t\t<div class=\"elementor-widget-container\">\n\t\t\t\t\t\t\t\t\t<div>Podsumowuj\u0105c, wyb\u00f3r mi\u0119dzy meblami na wymiar a gotowymi produktami z sieciowych sklep\u00f3w zale\u017cy od indywidualnych potrzeb i priorytet\u00f3w. Je\u015bli zale\u017cy Ci na szybkim i ta\u0144szym rozwi\u0105zaniu, gotowe meble mog\u0105 by\u0107 dobr\u0105 opcj\u0105. Jednak je\u015bli cenisz unikalno\u015b\u0107, wysok\u0105 jako\u015b\u0107 oraz pe\u0142n\u0105 personalizacj\u0119, meble na wymiar zdecydowanie maj\u0105 przewag\u0119. To inwestycja, kt\u00f3ra nie tylko poprawia funkcjonalno\u015b\u0107 przestrzeni, ale tak\u017ce podnosi estetyk\u0119 wn\u0119trza, tworz\u0105c spersonalizowan\u0105 i trwa\u0142\u0105 przestrze\u0144 do \u017cycia.\u00a0<\/div>\t\t\t\t\t\t\t\t<\/div>\n\t\t\t\t<\/div>\n\t\t\t\t<\/div>\n\t\t\t\t\t<\/div>\n\t\t\t\t<\/div>\n\t\t\t\t<\/div>\n\t\t","protected":false},"excerpt":{"rendered":"<p>Z pasj\u0105 o meblach Meble na wymiar czy meble z sieci\u00f3wki ? Meble na wymiar w ostatnich latach zyska\u0142y du\u017c\u0105 popularno\u015b\u0107, staj\u0105c si\u0119 alternatyw\u0105 dla gotowych produkt\u00f3w dost\u0119pnych w sklepach sieciowych. Zar\u00f3wno jedne, jak i drugie maj\u0105 swoje wady i zalety, ale coraz wi\u0119cej os\u00f3b decyduje si\u0119 na inwestycj\u0119 w meble na zam\u00f3wienie. Dlaczego? Analizuj\u0105c [&hellip;]<\/p>\n","protected":false},"author":1,"featured_media":0,"parent":0,"menu_order":0,"comment_status":"closed","ping_status":"closed","template":"elementor_canvas","meta":{"footnotes":""},"folder":[8],"class_list":["post-1475","page","type-page","status-publish","hentry"],"_links":{"self":[{"href":"https:\/\/meble-rzemieslnicze.pl\/index.php\/wp-json\/wp\/v2\/pages\/1475","targetHints":{"allow":["GET"]}}],"collection":[{"href":"https:\/\/meble-rzemieslnicze.pl\/index.php\/wp-json\/wp\/v2\/pages"}],"about":[{"href":"https:\/\/meble-rzemieslnicze.pl\/index.php\/wp-json\/wp\/v2\/types\/page"}],"author":[{"embeddable":true,"href":"https:\/\/meble-rzemieslnicze.pl\/index.php\/wp-json\/wp\/v2\/users\/1"}],"replies":[{"embeddable":true,"href":"https:\/\/meble-rzemieslnicze.pl\/index.php\/wp-json\/wp\/v2\/comments?post=1475"}],"version-history":[{"count":44,"href":"https:\/\/meble-rzemieslnicze.pl\/index.php\/wp-json\/wp\/v2\/pages\/1475\/revisions"}],"predecessor-version":[{"id":1654,"href":"https:\/\/meble-rzemieslnicze.pl\/index.php\/wp-json\/wp\/v2\/pages\/1475\/revisions\/1654"}],"wp:attachment":[{"href":"https:\/\/meble-rzemieslnicze.pl\/index.php\/wp-json\/wp\/v2\/media?parent=1475"}],"wp:term":[{"taxonomy":"folder","embeddable":true,"href":"https:\/\/meble-rzemieslnicze.pl\/index.php\/wp-json\/wp\/v2\/folder?post=1475"}],"curies":[{"name":"wp","href":"https:\/\/api.w.org\/{rel}","templated":true}]}}